ppose -5*v + 0*n = -5*n - 40, v + 12 = -4*n. Suppose -v*s + 20 = -2*s. Suppose 4*p + 240 = s*p. What is the units digit of p?
0
Let m(f) = f**2 - 31. Let s be m(7). Suppose s*b = -545 + 6305. What is the tens digit of b?
2
Let w(s) be the second derivative of 7*s**4/3 + s**3 - 8*s**2 + 31*s. What is the hundreds digit of w(3)?
2
Let z = 276 + -274. What is the hundreds digit of 12/(-6)*(-139)/z?
1
Let l(w) = w**2 - 13*w + 18. Suppose -121 = -9*b - 22. Let s be l(b). What is the units digit of 9 + (-2 - (-5 - s))?
8
Suppose -9 = -v - 17, 2*v - 143804 = -3*l. What is the units digit of l?
0
Let v = 9533 - 5921. What is the tens digit of v?
1
Let d(x) = -2*x**3 + 97*x**2 + 36*x + 850. What is the units digit of d(41)?
1
Let w = 32002 + -13215. What is the units digit of w?
7
Let b = -965 + 1685. Suppose -6 + 31 = 5*u. Suppose -u*o + b = 2*l - l, o = -l + 140. What is the hundreds digit of o?
1
Suppose -k - 7 = 5*h + 5, 4*h = -5*k + 3. Suppose -y + 5*y = 5*u + 4, -k = 4*u - 3*y. Suppose u*z - 519 = -3*z. What is the hundreds digit of z?
1
Let b be (28/(-21))/(-4)*-36. What is the hundreds digit of 70656/66 + b/22?
0
Let c(b) = -b**3 - 9*b**2 + 14*b + 38. Let p be c(-12). Suppose 0 = v + 13 - 18. Suppose -7*l + p = -v*l. What is the tens digit of l?
5
Let c = 372 + -369. Suppose -5 = 5*k, -k = c*m - 1365 - 2948. What is the hundreds digit of m?
4
Suppose -323 - 413 = -o. Suppose 0 = -5*r - o - 244. Let t = -96 - r. What is the hundreds digit of t?
1
Let g(m) = 11*m**2 + m + 3. Suppose -2*h - 15 = 3*h. Let b be g(h). Let z = 183 - b. What is the units digit of z?
4
Suppose -4*w - 204776 = -4*a, -5*a + 255968 = 19*w - 23*w. What is the units digit of a?
2
Let u(f) = 25*f**2 + 4*f. Let y(a) = a**3 + a**2 - 14*a - 20. Let z be y(-3). What is the tens digit of u(z)?
1
Suppose 24 = -32*f + 38*f. Suppose 0 = f*n - n - 4*d - 269, -365 = -4*n - d. Let j = n + 120. What is the units digit of j?
1
Let d(g) be the second derivative of g**4/6 + 313*g**2 - 37*g. What is the units digit of d(0)?
6
Suppose 32*p = 34*p - 650. Suppose 0 = 5*m - 4*k - k + p, 2*k = 3*m + 190. Let l = m + 119. What is the units digit of l?
9
Suppose 4*t + 4*r + 147 = -49, 6 = 3*r. Let z = -42 - t. Suppose 0 = z*k + 6*k - 2715. What is the tens digit of k?
8
Suppose -7*i + 28134 + 38051 = 0. What is the units digit of i?
5
Let t = 7246 + -3190. Suppose -73*z = -69*z - t. Suppose 0 = 16*d - 10*d - z. What is the hundreds digit of d?
1
Suppose 0 = 66*b - 62*b + 24. Let u(x) = -112*x + 60. What is the hundreds digit of u(b)?
7
Suppose 6*p = -87*p + 455700. What is the units digit of p?
0
Suppose 43*g - 36*g + 84 = 0. What is the tens digit of 2 - 12645/(g - -3)?
0
Let n(v) be the third derivative of v**5/60 + v**3 + 19*v**2. Let m be n(0). What is the tens digit of 947/8 - m/16?
1
Let b be ((-4)/8)/(1/(-36)). Let m be ((-72)/(-15))/(96/120). What is the tens digit of (-4)/m*-3 - -4*b?
7
Let p = -500 - -503. Suppose p*a + 11640 = 18*a. What is the tens digit of a?
7
Suppose f - 25030 = -2*x + 37488, -3*x + 93792 = 4*f. What is the ten thousands digit of x?
3
Suppose 40*g = -12*g - 20*g + 1662840. What is the ten thousands digit of g?
2
Suppose g = -4*j + 1 + 8, 3*j - 8 = -2*g. Suppose 2*q - 4*c + 2 = -0, 4 = -3*q + 5*c. What is the tens digit of q + g + 138/2?
6
Suppose 12*w - 16*w = 164. Let j = w - -142. Let g = j + -49. What is the units digit of g?
2
Suppose 3*o = 15, -4*i = -6*i - 2*o - 28. Let h = 68 - i. Suppose 5*z + 3*y - 87 = -6, 5*z + y = h. What is the tens digit of z?
1
Suppose -1877 = 2*y + 363. What is the tens digit of ((y/24)/10)/((-1)/84)?
9
Let c(h) = 10*h**2 + 24*h - 47. Let u be c(8). Let z = u - 139. What is the hundreds digit of z?
6
Let q(n) = 3*n**3 + 44*n**2 + n + 232. What is the thousands digit of q(17)?
7
Let p = 3982 - 2468. What is the thousands digit of p?
1
What is the hundreds digit of 78*9/81*(-4)/16*-3678?
9
Suppose g + 4056 = u, 22*g + 12172 = 3*u + 17*g. What is the units digit of u?
4
Suppose 5*u + 3*x - 695 = -2*x, 0 = -2*u - x + 281. Suppose -3*p + 379 - u = 0. Let w = p + -60. What is the tens digit of w?
1
Suppose -353*h + 7029940 = -22607234. What is the hundreds digit of h?
9
Let a = -62323 + 42251. What is the hundreds digit of a/(-40) + 5 - 1/(-5)?
5
Let h be (16/(-5))/(6/(-75)). Suppose -9*l + 3*k = -4*l - 394, 4*k = -5*l + 408. Let x = l - h. What is the units digit of x?
0
What is the ten thousands digit of (20 - 23 - (0 - 41623))/((-8)/(-4))?
2
Let l = 13 + -10. Suppose 5*k - 3*j - 2*j = 4195, l*j = 4*k - 3352. Suppose -n - 4*d = 64 - 206, 5*d = 5*n - k. What is the tens digit of n?
6
What is the thousands digit of 8 - (-2016 + (-12)/(-1))?
2
Suppose 5*o - 32 = -y, -10*o = -7*o + 5*y - 28. Suppose 0 = o*r + 11*r - 2550. What is the tens digit of r?
5
Let o(z) = -3 - 1 + 4 + 5 - 3*z. Let g(t) = 10*t - 14. Let h(j) = -4*g(j) - 14*o(j). What is the units digit of h(8)?
2
Let y(s) = -4*s + 11*s + 14*s - 215 + 3*s + 67. What is the tens digit of y(15)?
1
What is the tens digit of (1 + (23 - 2))/((-163)/(-190058))?
5
Let x = 803 + 479. What is the hundreds digit of x?
2
Let n be ((-26)/(-8) - 0) + 10/(-8). Suppose -x + l = -275, -5*l = n*x - 0*l - 585. What is the units digit of x?
0
Suppose -45825 + 7095 = 38*d - 39*d. What is the tens digit of d?
3
Suppose c - 24 = -4*c - 2*k, c + 3*k = 10. Suppose -3*j + 13 - c = 0. Let z(q) = 41*q + 5. What is the tens digit of z(j)?
2
Let a(g) = 361*g**2 + 245*g - 984. What is the thousands digit of a(4)?
5
Let s(l) = 365*l + 151. What is the thousands digit of s(43)?
5
What is the thousands digit of 2245 - 2245 - -695*(0 - -46)?
1
Let h(k) = 1078*k. Let v be h(3). Suppose 2*c = -5*c + v. What is the tens digit of c?
6
Let w = -18785 + 34163. What is the hundreds digit of w?
3
What is the hundreds digit of ((-26076)/328)/((-2)/12)?
4
Let r(d) = -d**3 - 10*d**2 - 27*d - 78. What is the thousands digit of r(-21)?
5
Suppose -1 = 21*r + 41. Let x(b) = 275*b**2 - 9*b - 6. What is the hundreds digit of x(r)?
1
Let w be 18/27 - 3104/(-6). Suppose -6*t = -190 - w. Let l = -27 + t. What is the tens digit of l?
9
Suppose -183*p + 213927 = -172*p - 87803. What is the thousands digit of p?
7
Let j(u) = -43 + 3 - 57*u + 7 + 13. What is the tens digit of j(-4)?
0
Let y(x) = 15*x**2 - 2*x - 2. Let k be y(-1). Let i(p) = -p**3 + 18*p**2 - 19*p + 10. What is the tens digit of i(k)?
0
Suppose 9*i = 41 + 49. Let f(d) = 19*d + 187. What is the hundreds digit of f(i)?
3
Let x be (-96)/(-224) - 6/14. What is the tens digit of x + (476 - (-4 - -10))?
7
What is the tens digit of 11*348/4*(-154)/(-6)?
6
Let l = -2 - -2. Let x be (-9 - -200)*5/5. Suppose l = -8*c + 497 + x. What is the units digit of c?
6
Suppose 4*l + 549*w - 545*w - 235040 = 0, -5*l = -w - 293800. What is the hundreds digit of l?
7
Suppose f = 4*v - 9267, -250*v + 255*v - f = 11584. What is the hundreds digit of v?
3
What is the hundreds digit of (15 - 4)/(6588/(-6594) + 1)?
0
Suppose -28*i + 952 = -30*i. Let s = -184 - i. What is the hundreds digit of s?
2
Let t = -638 - -7053. What is the hundreds digit of t?
4
Suppose 0 = 3*v - 5*u - 24041, 0 = 3*v + 123*u - 125*u - 24038. What is the tens digit of v?
1
Suppose -2*x + j + 0*j + 51 = 0, 2*j - 80 = -3*x. Let k(t) = 8*t - x + 0*t + 0*t. What is the tens digit of k(10)?
5
Suppose -4*c = -5*b + 105, 5*c - c - 4*b = -108. Let y = -97 - c. Let l = 85 + y. What is the tens digit of l?
1
Let u = -50126 - -102333. What is the tens digit of u?
0
Suppose 0 = 4*m - 17 - 3. Suppose -2*v - 4*y = -2*y - 742, -m*v + 3*y = -1887. What is the tens digit of v?
7
Let x = -1 + 6. Suppose 5*l = 2*j + 53 - 163, -x*j = 3*l - 213. Suppose 3*y = 6*y - j. What is the units digit of y?
5
Suppose -4*c = 4*i - 248, 4*c - 259 = -i + 1. What is the hundreds digit of (-2)/11 + (60744/c)/2?
4
Let o be (-8)/(-44) - (-530)/110. Suppose 7*s = 5*g + 4*s - 494, 2*g + o*s = 179. What is the units digit of g?
7
What is the tens digit of 270884/20 - (-39)/325*15?
4
Suppose -57291 = 10*y - 12*y + 5*g, 4*g - 57300 = -2*y. What is the units digit of y?
8
Let m(t) = -37*t - 71. Let n(l) = l. Let k(q) = -m(q) - n(q). What is the hundreds digit of k(19)?
7
Let m = -653 - -1461. Let r = m - -183. Suppose 15 = -5*l, -4*k - 7*l = -4*l - r. What is the tens d